{"id":28397,"date":"2022-04-12T15:38:55","date_gmt":"2022-04-12T13:38:55","guid":{"rendered":"https:\/\/medicon.de\/produkte\/marten-facelift-marker-zum-genauen-anzeichnen-von-hautschnittlinien-bei-facelift-ops-2\/"},"modified":"2022-07-18T12:30:24","modified_gmt":"2022-07-18T10:30:24","slug":"marten-facelift-marker-zum-genauen-anzeichnen-von-hautschnittlinien-bei-facelift-ops","status":"publish","type":"produkte","link":"https:\/\/medicon.de\/es\/productos\/marten-facelift-marker-zum-genauen-anzeichnen-von-hautschnittlinien-bei-facelift-ops\/","title":{"rendered":"Marcador Marten para marcar con precisi\u00f3n las l\u00edneas de incisi\u00f3n de la piel durante la cirug\u00eda de lifting facial."},"content":{"rendered":"<p><b>Despu\u00e9s de preparar y tensar las estructuras tisulares<\/b> durante un lifting facial, la piel se tensa hacia los bordes de la incisi\u00f3n. Para conseguir una <b>l\u00ednea de incisi\u00f3n claramente definida<\/b> para eliminar el exceso de piel en los estiramientos faciales, se utiliza el \u00abMarten Facelift Marker\u00bb. <\/p>\n<ul>\n<li>Un diente fino para perforar la piel <b>simplifica la definici\u00f3n precisa de la l\u00ednea de incisi\u00f3n de la piel<br \/>\n<\/b><b><\/b><\/li>\n<li>La escala en la parte superior del marcador de lifting facial (graduaci\u00f3n de 1 mm) garantiza que <b>siempre<\/b>se agarre la <b>misma cantidad de piel<\/b><\/li>\n<li>Para un <b>marcaje uniforme<\/b>, la carraca de un solo diente ejerce la <b>presi\u00f3n adecuada<\/b> sobre la piel<\/li>\n<li>El resultado es una <b>l\u00ednea de incisi\u00f3n claramente definida<\/b> para eliminar el exceso de piel en el lifting facial<\/li>\n<\/ul>\n","protected":false},"featured_media":11925,"template":"","meta":{"_acf_changed":false,"postBodyCss":"","postBodyMargin":[],"postBodyPadding":[],"postBodyBackground":{"backgroundType":"classic","gradient":""},"_links_to":"","_links_to_target":""},"business_unit":[18],"entwicklungspartner":[425],"fachgebiet":[357],"extranet-struktur":[],"produktkategorie":[359],"anwendung":[360],"class_list":["post-28397","produkte","type-produkte","status-publish","has-post-thumbnail","hentry","business_unit-surgical","entwicklungspartner-dr-med-timothy-marten-es","fachgebiet-cirugia-plastica","produktkategorie-instrumentos","anwendung-facelifting-es"],"acf":[],"_links":{"self":[{"href":"https:\/\/medicon.de\/es\/wp-json\/wp\/v2\/produkte\/28397","targetHints":{"allow":["GET"]}}],"collection":[{"href":"https:\/\/medicon.de\/es\/wp-json\/wp\/v2\/produkte"}],"about":[{"href":"https:\/\/medicon.de\/es\/wp-json\/wp\/v2\/types\/produkte"}],"wp:featuredmedia":[{"embeddable":true,"href":"https:\/\/medicon.de\/es\/wp-json\/wp\/v2\/media\/11925"}],"wp:attachment":[{"href":"https:\/\/medicon.de\/es\/wp-json\/wp\/v2\/media?parent=28397"}],"wp:term":[{"taxonomy":"business_unit","embeddable":true,"href":"https:\/\/medicon.de\/es\/wp-json\/wp\/v2\/business_unit?post=28397"},{"taxonomy":"entwicklungspartner","embeddable":true,"href":"https:\/\/medicon.de\/es\/wp-json\/wp\/v2\/entwicklungspartner?post=28397"},{"taxonomy":"fachgebiet","embeddable":true,"href":"https:\/\/medicon.de\/es\/wp-json\/wp\/v2\/fachgebiet?post=28397"},{"taxonomy":"extranet-struktur","embeddable":true,"href":"https:\/\/medicon.de\/es\/wp-json\/wp\/v2\/extranet-struktur?post=28397"},{"taxonomy":"produktkategorie","embeddable":true,"href":"https:\/\/medicon.de\/es\/wp-json\/wp\/v2\/produktkategorie?post=28397"},{"taxonomy":"anwendung","embeddable":true,"href":"https:\/\/medicon.de\/es\/wp-json\/wp\/v2\/anwendung?post=28397"}],"curies":[{"name":"wp","href":"https:\/\/api.w.org\/{rel}","templated":true}]}}

Marcador Marten para marcar con precisión las líneas de incisión de la piel durante la cirugía de lifting facial.

<p><b>Después de preparar y tensar las estructuras tisulares</b> durante un lifting facial, la piel se tensa hacia los bordes de la incisión. Para conseguir una <b>línea de incisión claramente definida</b> para eliminar el exceso de piel en los estiramientos faciales, se utiliza el «Marten Facelift Marker». </p>
<ul>
<li>Un diente fino para perforar la piel <b>simplifica la definición precisa de la línea de incisión de la piel<br />
</b><b></b></li>
<li>La escala en la parte superior del marcador de lifting facial (graduación de 1 mm) garantiza que <b>siempre</b>se agarre la <b>misma cantidad de piel</b></li>
<li>Para un <b>marcaje uniforme</b>, la carraca de un solo diente ejerce la <b>presión adecuada</b> sobre la piel</li>
<li>El resultado es una <b>línea de incisión claramente definida</b> para eliminar el exceso de piel en el lifting facial</li>
</ul>
