{"id":28968,"date":"2022-04-12T15:38:54","date_gmt":"2022-04-12T13:38:54","guid":{"rendered":"https:\/\/medicon.de\/produkte\/distrahierbarer-wirbelkoerperersatz-mediexpand-cervical-2\/"},"modified":"2023-01-24T13:27:56","modified_gmt":"2023-01-24T12:27:56","slug":"distrahierbarer-wirbelkoerperersatz-mediexpand-cervical","status":"publish","type":"produkte","link":"https:\/\/medicon.de\/es\/productos\/distrahierbarer-wirbelkoerperersatz-mediexpand-cervical\/","title":{"rendered":"Sustituci\u00f3n de cuerpo vertebral distensible \u00abmediExpand\u00ae\u00bb &#8211; Cervical"},"content":{"rendered":"\n<p>El \u00abmediExpand\u00ae\u00bb &#8211; Cervical se utiliza para <b>la reconstrucci\u00f3n<\/b> despu\u00e9s de <b>corpectom\u00edas \u00fanicas o multisegmentarias<\/b> de la columna cervical.<\/p>\n\n<p>Con el <b>aumento infinito<\/b>, el implante puede <b>adaptarse individualmente<\/b> a las <b>condiciones anat\u00f3micas<\/b> del paciente. Gracias a su dise\u00f1o especial, el implante <b>reduce<\/b> el <b>riesgo de hundimiento<\/b> en <b>los cuerpos vertebrales adyacentes<\/b> y garantiza un <b>anclaje seguro<\/b> en las placas terminales adyacentes. <\/p>\n\n<div style=\"height:39px\" aria-hidden=\"true\" class=\"wp-block-spacer\"><\/div>\n\n<p>\n          <strong>Dise\u00f1o abierto<\/strong>\n        <\/p>\n\n<ul class=\"wp-block-list\">\n<li>Durante la implantaci\u00f3n, el cirujano tiene una <b>buena visi\u00f3n de la duramadre<\/b><\/li>\n\n\n\n<li><b>Zonas de acceso directo para refrescar<\/b> las zonas de la placa final sin carga<\/li>\n\n\n\n<li><b>Amplia superficie<\/b> para la fusi\u00f3n \u00f3sea<\/li>\n\n\n\n<li><b>M\u00e1ximo espacio<\/b> para el relleno de hueso esponjoso<\/li>\n<\/ul>\n\n<div style=\"height:39px\" aria-hidden=\"true\" class=\"wp-block-spacer\"><\/div>\n\n<p>\n          <strong>Principio del carril<\/strong>\n        <\/p>\n\n<ul class=\"wp-block-list\">\n<li>Forme anatomique pour le <b>r\u00e9tablissement du profi l lordotique<\/b><\/li>\n\n\n\n<li><b>F\u00e1cil reposicionamiento<\/b> gracias a su sencilla retracci\u00f3n<\/li>\n\n\n\n<li>Adaptaci\u00f3n individual mediante el <b>ajuste exacto de la altura<\/b><\/li>\n<\/ul>\n\n<div style=\"height:39px\" aria-hidden=\"true\" class=\"wp-block-spacer\"><\/div>\n\n<p>\n          <strong>Trazabilidad<\/strong>\n        <\/p>\n\n<ul class=\"wp-block-list\">\n<li>La <b>trazabilidad fiable<\/b>y sencilla de los lotes mediante \u00abTrace-ID Pins\u00bb garantiza una <b>mayor seguridad del paciente<\/b><\/li>\n<\/ul>\n","protected":false},"featured_media":11799,"template":"","meta":{"_acf_changed":false,"postBodyCss":"","postBodyMargin":[],"postBodyPadding":[],"postBodyBackground":{"backgroundType":"classic","gradient":""},"_links_to":"","_links_to_target":""},"business_unit":[20],"entwicklungspartner":[397],"fachgebiet":[366],"extranet-struktur":[],"produktkategorie":[355],"anwendung":[377],"class_list":["post-28968","produkte","type-produkte","status-publish","has-post-thumbnail","hentry","business_unit-neuro-spine","entwicklungspartner-pd-dr-med-heinrich-boehm-es","fachgebiet-cirugia-neurologica-y-de-la-columna-vertebral","produktkategorie-implantes","anwendung-columna-vertebral-cervical"],"acf":[],"_links":{"self":[{"href":"https:\/\/medicon.de\/es\/wp-json\/wp\/v2\/produkte\/28968","targetHints":{"allow":["GET"]}}],"collection":[{"href":"https:\/\/medicon.de\/es\/wp-json\/wp\/v2\/produkte"}],"about":[{"href":"https:\/\/medicon.de\/es\/wp-json\/wp\/v2\/types\/produkte"}],"wp:featuredmedia":[{"embeddable":true,"href":"https:\/\/medicon.de\/es\/wp-json\/wp\/v2\/media\/11799"}],"wp:attachment":[{"href":"https:\/\/medicon.de\/es\/wp-json\/wp\/v2\/media?parent=28968"}],"wp:term":[{"taxonomy":"business_unit","embeddable":true,"href":"https:\/\/medicon.de\/es\/wp-json\/wp\/v2\/business_unit?post=28968"},{"taxonomy":"entwicklungspartner","embeddable":true,"href":"https:\/\/medicon.de\/es\/wp-json\/wp\/v2\/entwicklungspartner?post=28968"},{"taxonomy":"fachgebiet","embeddable":true,"href":"https:\/\/medicon.de\/es\/wp-json\/wp\/v2\/fachgebiet?post=28968"},{"taxonomy":"extranet-struktur","embeddable":true,"href":"https:\/\/medicon.de\/es\/wp-json\/wp\/v2\/extranet-struktur?post=28968"},{"taxonomy":"produktkategorie","embeddable":true,"href":"https:\/\/medicon.de\/es\/wp-json\/wp\/v2\/produktkategorie?post=28968"},{"taxonomy":"anwendung","embeddable":true,"href":"https:\/\/medicon.de\/es\/wp-json\/wp\/v2\/anwendung?post=28968"}],"curies":[{"name":"wp","href":"https:\/\/api.w.org\/{rel}","templated":true}]}}

Sustitución de cuerpo vertebral distensible «mediExpand®» &#8211; Cervical

<p>El «mediExpand®» &#8211; Cervical se utiliza para <b>la reconstrucción</b> después de <b>corpectomías únicas o multisegmentarias</b> de la columna cervical.</p>

<p>Con el <b>aumento infinito</b>, el implante puede <b>adaptarse individualmente</b> a las <b>condiciones anatómicas</b> del paciente. Gracias a su diseño especial, el implante <b>reduce</b> el <b>riesgo de hundimiento</b> en <b>los cuerpos vertebrales adyacentes</b> y garantiza un <b>anclaje seguro</b> en las placas terminales adyacentes. </p>

<div style="height:39px" aria-hidden="true" class="wp-block-spacer"></div>

<p>
          <strong>Diseño abierto</strong>
        </p>

<ul class="wp-block-list">
<li>Durante la implantación, el cirujano tiene una <b>buena visión de la duramadre</b></li>



<li><b>Zonas de acceso directo para refrescar</b> las zonas de la placa final sin carga</li>



<li><b>Amplia superficie</b> para la fusión ósea</li>



<li><b>Máximo espacio</b> para el relleno de hueso esponjoso</li>
</ul>

<div style="height:39px" aria-hidden="true" class="wp-block-spacer"></div>

<p>
          <strong>Principio del carril</strong>
        </p>

<ul class="wp-block-list">
<li>Forme anatomique pour le <b>rétablissement du profi l lordotique</b></li>



<li><b>Fácil reposicionamiento</b> gracias a su sencilla retracción</li>



<li>Adaptación individual mediante el <b>ajuste exacto de la altura</b></li>
</ul>

<div style="height:39px" aria-hidden="true" class="wp-block-spacer"></div>

<p>
          <strong>Trazabilidad</strong>
        </p>

<ul class="wp-block-list">
<li>La <b>trazabilidad fiable</b>y sencilla de los lotes mediante «Trace-ID Pins» garantiza una <b>mayor seguridad del paciente</b></li>
</ul>
