{"id":29025,"date":"2022-04-12T15:38:54","date_gmt":"2022-04-12T13:38:54","guid":{"rendered":"https:\/\/medicon.de\/produkte\/spreizersystem-cervicalino-fuer-minimalinvasive-zugaenge-der-zervikalen-wirbelsaeule-2\/"},"modified":"2022-07-18T12:30:37","modified_gmt":"2022-07-18T10:30:37","slug":"spreizersystem-cervicalino-fuer-minimalinvasive-zugaenge-der-zervikalen-wirbelsaeule","status":"publish","type":"produkte","link":"https:\/\/medicon.de\/es\/productos\/spreizersystem-cervicalino-fuer-minimalinvasive-zugaenge-der-zervikalen-wirbelsaeule\/","title":{"rendered":"Sistema separador \u00abCervicalino\u00bb para los abordajes m\u00ednimamente invasivos de la columna cervical"},"content":{"rendered":"<p class=\"bodytext\"><strong>Separador miniaturizado<\/strong><\/p>\n<ul>\n<li>Para los abordajes m\u00ednimamente invasivos de la columna cervical anterior<\/li>\n<li>El dise\u00f1o miniaturizado mejora la&nbsp; libertad de movimiento &nbsp;en la zona de operaciones<\/li>\n<li>Modelos &nbsp;con diferentes enfoques &nbsp;funcionales<\/li>\n<\/ul>\n<p class=\"bodytext\"><strong>Soporte valvular<\/strong><\/p>\n<ul>\n<li>Manipulaci\u00f3n simplificada &nbsp;durante la colocaci\u00f3n intraoperatoria &nbsp;del &nbsp;separador &nbsp;y las v\u00e1lvulas<\/li>\n<li>La montura valvular esmerilada evita los reflejos y los reflejos&nbsp; cuando se trabaja con el microscopio quir\u00fargico<\/li>\n<\/ul>\n<p class=\"bodytext\"><strong>Transparente a los rayos X<\/strong><\/p>\n<ul>\n<li>Amplia transparencia radiogr\u00e1fica &nbsp;gracias a las valvas de aluminio extrafinas<\/li>\n<li>&nbsp;Representaci\u00f3n sin artefactos de la zona quir\u00fargica<\/li>\n<\/ul>\n<p class=\"bodytext\"><b>Punto de acoplamiento\/acoplamiento para el brazo autoportante fijado a la mesa<\/b> &nbsp;(v\u00e9ase la ilustraci\u00f3n). Esto garantiza la m\u00e1xima estabilidad del separador durante la perforaci\u00f3n y un posicionamiento seguro bajo el m\u00fasculo longus colli. <\/p>\n<p class=\"bodytext\"><strong>Valv\u00fala \u00abBay\u00bb<\/strong><\/p>\n<ul>\n<li>Puede combinarse con la v\u00e1lvula \u00abBay\u00bb<\/li>\n<\/ul>\n","protected":false},"featured_media":11821,"template":"","meta":{"_acf_changed":false,"postBodyCss":"","postBodyMargin":[],"postBodyPadding":[],"postBodyBackground":{"backgroundType":"classic","gradient":""},"_links_to":"","_links_to_target":""},"business_unit":[20],"entwicklungspartner":[395],"fachgebiet":[366],"extranet-struktur":[],"produktkategorie":[],"anwendung":[377],"class_list":["post-29025","produkte","type-produkte","status-publish","has-post-thumbnail","hentry","business_unit-neuro-spine","entwicklungspartner-prof-dr-med-luca-papavero-es","fachgebiet-cirugia-neurologica-y-de-la-columna-vertebral","anwendung-columna-vertebral-cervical"],"acf":[],"_links":{"self":[{"href":"https:\/\/medicon.de\/es\/wp-json\/wp\/v2\/produkte\/29025","targetHints":{"allow":["GET"]}}],"collection":[{"href":"https:\/\/medicon.de\/es\/wp-json\/wp\/v2\/produkte"}],"about":[{"href":"https:\/\/medicon.de\/es\/wp-json\/wp\/v2\/types\/produkte"}],"wp:featuredmedia":[{"embeddable":true,"href":"https:\/\/medicon.de\/es\/wp-json\/wp\/v2\/media\/11821"}],"wp:attachment":[{"href":"https:\/\/medicon.de\/es\/wp-json\/wp\/v2\/media?parent=29025"}],"wp:term":[{"taxonomy":"business_unit","embeddable":true,"href":"https:\/\/medicon.de\/es\/wp-json\/wp\/v2\/business_unit?post=29025"},{"taxonomy":"entwicklungspartner","embeddable":true,"href":"https:\/\/medicon.de\/es\/wp-json\/wp\/v2\/entwicklungspartner?post=29025"},{"taxonomy":"fachgebiet","embeddable":true,"href":"https:\/\/medicon.de\/es\/wp-json\/wp\/v2\/fachgebiet?post=29025"},{"taxonomy":"extranet-struktur","embeddable":true,"href":"https:\/\/medicon.de\/es\/wp-json\/wp\/v2\/extranet-struktur?post=29025"},{"taxonomy":"produktkategorie","embeddable":true,"href":"https:\/\/medicon.de\/es\/wp-json\/wp\/v2\/produktkategorie?post=29025"},{"taxonomy":"anwendung","embeddable":true,"href":"https:\/\/medicon.de\/es\/wp-json\/wp\/v2\/anwendung?post=29025"}],"curies":[{"name":"wp","href":"https:\/\/api.w.org\/{rel}","templated":true}]}}

Sistema separador «Cervicalino» para los abordajes mínimamente invasivos de la columna cervical

<p class="bodytext"><strong>Separador miniaturizado</strong></p>
<ul>
<li>Para los abordajes mínimamente invasivos de la columna cervical anterior</li>
<li>El diseño miniaturizado mejora la&nbsp; libertad de movimiento &nbsp;en la zona de operaciones</li>
<li>Modelos &nbsp;con diferentes enfoques &nbsp;funcionales</li>
</ul>
<p class="bodytext"><strong>Soporte valvular</strong></p>
<ul>
<li>Manipulación simplificada &nbsp;durante la colocación intraoperatoria &nbsp;del &nbsp;separador &nbsp;y las válvulas</li>
<li>La montura valvular esmerilada evita los reflejos y los reflejos&nbsp; cuando se trabaja con el microscopio quirúrgico</li>
</ul>
<p class="bodytext"><strong>Transparente a los rayos X</strong></p>
<ul>
<li>Amplia transparencia radiográfica &nbsp;gracias a las valvas de aluminio extrafinas</li>
<li>&nbsp;Representación sin artefactos de la zona quirúrgica</li>
</ul>
<p class="bodytext"><b>Punto de acoplamiento/acoplamiento para el brazo autoportante fijado a la mesa</b> &nbsp;(véase la ilustración). Esto garantiza la máxima estabilidad del separador durante la perforación y un posicionamiento seguro bajo el músculo longus colli. </p>
<p class="bodytext"><strong>Valvúla «Bay»</strong></p>
<ul>
<li>Puede combinarse con la válvula «Bay»</li>
</ul>
